2673?
33
What is the greatest common factor of 5344 and 16?
16
Calculate the highest common divisor of 13 and 78.
13
Calculate the greatest common factor of 9 and 84.
3
What is the highest common factor of 77 and 11?
11
Calculate the greatest common divisor of 1392 and 7308.
348
What is the highest common factor of 3402 and 18?
18
Calculate the highest common divisor of 14 and 266.
14
Calculate the highest common factor of 23 and 299.
23
Calculate the greatest common factor of 58 and 5133.
29
Calculate the greatest common divisor of 39 and 663.
39
What is the greatest common divisor of 75 and 495?
15
Calculate the highest common factor of 1660 and 20.
20
What is the greatest common divisor of 988 and 364?
52
Calculate the highest common factor of 38 and 3914.
38
Calculate the highest common divisor of 5 and 2837.
1
Calculate the highest common divisor of 47 and 329.
47
Calculate the highest common factor of 160 and 448.
32
Calculate the highest common factor of 2300 and 200.
100
What is the greatest common divisor of 15 and 105?
15
Calculate the highest common factor of 710 and 20.
10
Calculate the highest common divisor of 72 and 16.
8
What is the highest common divisor of 12261 and 183?
183
What is the highest common factor of 598 and 26?
26
Calculate the greatest common factor of 91 and 826.
7
What is the highest common factor of 925 and 74?
37
Calculate the highest common divisor of 450 and 7350.
150
Calculate the greatest common factor of 955 and 15.
5
What is the greatest common factor of 10961 and 194?
97
Calculate the highest common divisor of 30 and 5970.
30
What is the greatest common divisor of 32 and 64?
32
What is the highest common factor of 39 and 5148?
39
What is the highest common factor of 11486 and 4?
2
What is the greatest common divisor of 20 and 25?
5
Calculate the greatest common factor of 90 and 90.
90
Calculate the greatest common factor of 291 and 3880.
97
Calculate the highest common divisor of 82 and 28126.
82
Calculate the highest common divisor of 56 and 64.
8
What is the highest common factor of 12536 and 16?
8
What is the highest common factor of 8 and 64?
8
What is the highest common divisor of 220 and 3245?
55
Calculate the greatest common factor of 210 and 1610.
70
Calculate the highest common factor of 5 and 80.
5
What is the highest common factor of 603 and 117?
9
What is the highest common divisor of 1400 and 56?
56
Calculate the greatest common factor of 297 and 27.
27
Calculate the greatest common divisor of 437 and 38.
19
What is the greatest common factor of 323 and 51?
17
What is the highest common divisor of 270 and 648?
54
Calculate the greatest common divisor of 350 and 280.
70
What is the greatest common factor of 72 and 7272?
72
What is the greatest common factor of 84 and 3556?
28
What is the highest common divisor of 1749 and 231?
33
Calculate the highest common divisor of 1368 and 27.
9
Calculate the greatest common divisor of 760 and 4.
4
Calculate the highest common factor of 56 and 5656.
56
Calculate the greatest common divisor of 8 and 904.
8
What is the greatest common divisor of 51 and 85?
17
Calculate the greatest common factor of 6837 and 636.
159
Calculate the greatest common divisor of 18 and 18.
18
Calculate the greatest common divisor of 128 and 12.
4
What is the highest common divisor of 1575 and 5075?
175
What is the highest common factor of 1215 and 675?
135
Calculate the greatest common factor of 5 and 93.
1
What is the greatest common divisor of 104 and 156?
52
Calculate the highest common factor of 918 and 216.
54
Calculate the highest common factor of 4828 and 34.
34
What is the highest common factor of 1837 and 1336?
167
What is the greatest common divisor of 1624 and 91?
7
Calculate the greatest common factor of 94 and 4982.
94
Calculate the greatest common factor of 5865 and 1275.
255
What is the greatest common divisor of 4392 and 183?
183
What is the greatest common factor of 9589 and 43?
43
Calculate the highest common divisor of 4346 and 212.
106
Calculate the greatest common factor of 1955 and 5.
5
Calculate the greatest common divisor of 323 and 17.
17
What is the greatest common factor of 721 and 4120?
103
Calculate the greatest common factor of 114 and 1159.
19
What is the highest common factor of 22 and 3135?
11
What is the greatest common factor of 5232 and 12?
12
What is the greatest common divisor of 106 and 16536?
106
Calculate the highest common divisor of 156 and 3804.
12
Calculate the highest common divisor of 817 and 43.
43
Calculate the highest common factor of 34 and 306.
34
What is the highest common factor of 22 and 12?
2
Calculate the highest common divisor of 221 and 17.
17
What is the greatest common divisor of 6 and 735?
3
What is the highest common divisor of 2172 and 12?
12
What is the highest common factor of 1 and 3?
1
Calculate the highest common factor of 33 and 18.
3
Calculate the greatest common divisor of 50 and 2.
2
What is the greatest common divisor of 1805 and 285?
95
What is the highest common divisor of 195 and 15?
15
What is the highest common divisor of 4563 and 26?
13
What is the greatest common divisor of 28 and 119?
7
What is the highest common divisor of 123 and 6724?
41
Calculate the greatest common divisor of 63 and 504.
63
Calculate the greatest common factor of 19275 and 514.
257
Calculate the greatest common divisor of 932 and 3029.
233
Calculate the highest common divisor of 38 and 589.
19
Calculate the highest common divisor of 7200 and 48.
48
Calculate the highest common factor of 102 and 170.
34
Calculate the greatest common divisor of 18 and 6354.
18
Calculate the greatest common divisor of 112 and 700.
28
Calculate the greatest common divisor of 108 and 7236.
108
What is the highest common factor of 2703 and 204?
51
What is the highest common factor of 103340 and 10?
10
Calculate the greatest common factor of 421 and 11.
1
Calculate the highest common divisor of 1308 and 12.
12
What is the highest common factor of 2117 and 58?
29
What is the greatest common divisor of 4530 and 10?
10
What is the greatest common divisor of 5249 and 58?
29
What is the highest common factor of 74 and 333?
37
Calculate the highest common factor of 132 and 1100.
44
What is the greatest common factor of 1377 and 1173?
51
Calculate the highest common factor of 10 and 12370.
10
What is the highest common divisor of 35 and 9037?
7
Calculate the greatest common factor of 567 and 224.
7
What is the greatest common divisor of 1274 and 28?
14
Calculate the highest common factor of 1377 and 119.
17
Calculate the highest common factor of 116 and 8.
4
Calculate the greatest common divisor of 1443 and 111.
111
What is the highest common factor of 88 and 100?
4
Calculate the greatest common divisor of 1729 and 182.
91
Calculate the greatest common divisor of 3589 and 194.
97
Calculate the highest common divisor of 108 and 189.
27
What is the highest common divisor of 153 and 20043?
153
Calculate the highest common factor of 32 and 5792.
32
Calculate the greatest common divisor of 1587 and 138.
69
What is the greatest common factor of 416 and 325?
13
What is the highest common factor of 2599 and 339?
113
What is the highest common factor of 20 and 70?
10
What is the highest common factor of 34 and 901?
17
Calculate the greatest common divisor of 27 and 63.
9
What is the greatest common divisor of 575 and 2?
1
Calculate the greatest common divisor of 10 and 215.
5
Calculate the highest common divisor of 3432 and 16.
8
What is the highest common divisor of 16 and 16?
16
Calculate the highest common factor of 30 and 590.
10
What is the highest common factor of 161 and 56?
7
Calculate the greatest common factor of 221 and 3281.
17
Calculate the greatest common factor of 1280 and 20.
20
What is the greatest common factor of 268 and 9447?
67
Calculate the highest common factor of 1704 and 24.
24
Calculate the highest common factor of 812 and 1276.
116
Calculate the highest common factor of 246 and 18.
6
What is the highest common factor of 481 and 13?
13
Calculate the highest common factor of 5 and 90.
5
Calculate the highest common divisor of 76 and 152.
76
What is the highest common factor of 12 and 75?
3
What is the highest common factor of 18 and 9